{"id":2,"date":"2024-07-05T18:40:32","date_gmt":"2024-07-05T16:40:32","guid":{"rendered":"http:\/\/ergosfr.cluster023.hosting.ovh.net\/?page_id=2"},"modified":"2024-08-09T11:06:05","modified_gmt":"2024-08-09T09:06:05","slug":"page-d-exemple","status":"publish","type":"page","link":"https:\/\/www.ergosfrance.fr\/","title":{"rendered":"ERGOS ONE"},"content":{"rendered":"\n<p>Imaginez une chaise qui s\u2019adapte parfaitement \u00e0 votre corps, offrant un soutien lombaire in\u00e9gal\u00e9 et une ergonomie parfaite.<\/p>\n\n\n\n<p>Voici ERGOS ONE \u2013 une chaise enti\u00e8rement fabriqu\u00e9e en polypropyl\u00e8ne \u00e0 double paroi, alliant durabilit\u00e9 et l\u00e9g\u00e8ret\u00e9 en une seule pi\u00e8ce!<\/p>\n\n\n\n<figure class=\"wp-block-image size-full is-resized\"><img loading=\"lazy\" decoding=\"async\" width=\"464\" height=\"100\" src=\"http:\/\/ergosfr.cluster023.hosting.ovh.net\/wp-content\/uploads\/2024\/08\/Logo.png\" alt=\"\" class=\"wp-image-148\" style=\"width:277px;height:auto\" srcset=\"https:\/\/www.ergosfrance.fr\/wp-content\/uploads\/2024\/08\/Logo.png 464w, https:\/\/www.ergosfrance.fr\/wp-content\/uploads\/2024\/08\/Logo-300x65.png 300w\" sizes=\"auto, (max-width: 464px) 100vw, 464px\" \/><\/figure>\n\n\n\n<h3 class=\"wp-block-heading\"><br>Les caract\u00e9ristiques<\/h3>\n\n\n<div class=\"wp-block-image\">\n<figure class=\"alignleft size-full is-resized\" id=\"block-03d63843-225d-4150-8294-69df1523cd4f\"><img loading=\"lazy\" decoding=\"async\" width=\"672\" height=\"434\" src=\"http:\/\/ergosfr.cluster023.hosting.ovh.net\/wp-content\/uploads\/2024\/08\/Capture-decran-2024-08-09-a-09.52.38.png\" alt=\"\" class=\"wp-image-219\" style=\"width:354px;height:auto\" srcset=\"https:\/\/www.ergosfrance.fr\/wp-content\/uploads\/2024\/08\/Capture-decran-2024-08-09-a-09.52.38.png 672w, https:\/\/www.ergosfrance.fr\/wp-content\/uploads\/2024\/08\/Capture-decran-2024-08-09-a-09.52.38-300x194.png 300w\" sizes=\"auto, (max-width: 672px) 100vw, 672px\" \/><\/figure>\n<\/div>\n\n<div class=\"wp-block-image\">\n<figure class=\"alignright size-full is-resized\" id=\"block-e94feef8-f3b1-476b-a7e9-9ad5595863a2\"><img loading=\"lazy\" decoding=\"async\" width=\"400\" height=\"496\" src=\"https:\/\/www.ergosfrance.fr\/wp-content\/uploads\/2024\/07\/image-4.png\" alt=\"\" class=\"wp-image-73\" style=\"width:226px;height:auto\" srcset=\"https:\/\/www.ergosfrance.fr\/wp-content\/uploads\/2024\/07\/image-4.png 400w, https:\/\/www.ergosfrance.fr\/wp-content\/uploads\/2024\/07\/image-4-242x300.png 242w\" sizes=\"auto, (max-width: 400px) 100vw, 400px\" \/><\/figure>\n<\/div>\n\n\n<figure class=\"wp-block-image size-full\"><a href=\"https:\/\/mobilier-design-pro.be\/tous-les-fabricants\/nautilus\/\" target=\"_blank\" rel=\"noreferrer noopener\"><img loading=\"lazy\" decoding=\"async\" width=\"256\" height=\"64\" src=\"https:\/\/www.ergosfrance.fr\/wp-content\/uploads\/2024\/08\/Nautilus-1.png\" alt=\"\" class=\"wp-image-152\"\/><\/a><\/figure>\n\n\n\n<div style=\"height:22px\" aria-hidden=\"true\" class=\"wp-block-spacer\"><\/div>\n\n\n\n<figure class=\"wp-block-image size-full is-resized\"><a href=\"mailto:nautilus@mobilier-design-pro.be?subject=Demande Informations Ergos One\" target=\"_blank\" rel=\"noreferrer noopener\"><img loading=\"lazy\" decoding=\"async\" width=\"300\" height=\"110\" src=\"https:\/\/www.ergosfrance.fr\/wp-content\/uploads\/2024\/08\/Image-1.jpeg\" alt=\"\" class=\"wp-image-143\" style=\"width:301px;height:auto\"\/><\/a><\/figure>\n","protected":false},"excerpt":{"rendered":"<p>Imaginez une chaise qui s\u2019adapte parfaitement \u00e0 votre corps, offrant un soutien lombaire in\u00e9gal\u00e9 et une ergonomie parfaite. Voici ERGOS ONE \u2013 une chaise enti\u00e8rement fabriqu\u00e9e en polypropyl\u00e8ne \u00e0 double paroi, alliant durabilit\u00e9 et l\u00e9g\u00e8ret\u00e9 en une seule pi\u00e8ce! Les caract\u00e9ristiques<\/p>\n","protected":false},"author":1,"featured_media":0,"parent":0,"menu_order":0,"comment_status":"closed","ping_status":"open","template":"","meta":{"footnotes":""},"class_list":["post-2","page","type-page","status-publish","hentry"],"_links":{"self":[{"href":"https:\/\/www.ergosfrance.fr\/index.php\/wp-json\/wp\/v2\/pages\/2","targetHints":{"allow":["GET"]}}],"collection":[{"href":"https:\/\/www.ergosfrance.fr\/index.php\/wp-json\/wp\/v2\/pages"}],"about":[{"href":"https:\/\/www.ergosfrance.fr\/index.php\/wp-json\/wp\/v2\/types\/page"}],"author":[{"embeddable":true,"href":"https:\/\/www.ergosfrance.fr\/index.php\/wp-json\/wp\/v2\/users\/1"}],"replies":[{"embeddable":true,"href":"https:\/\/www.ergosfrance.fr\/index.php\/wp-json\/wp\/v2\/comments?post=2"}],"version-history":[{"count":29,"href":"https:\/\/www.ergosfrance.fr\/index.php\/wp-json\/wp\/v2\/pages\/2\/revisions"}],"predecessor-version":[{"id":234,"href":"https:\/\/www.ergosfrance.fr\/index.php\/wp-json\/wp\/v2\/pages\/2\/revisions\/234"}],"wp:attachment":[{"href":"https:\/\/www.ergosfrance.fr\/index.php\/wp-json\/wp\/v2\/media?parent=2"}],"curies":[{"name":"wp","href":"https:\/\/api.w.org\/{rel}","templated":true}]}}